
What is the greatest common divisor of 8805 and 665?
5
What is the greatest common divisor of 12042 and 108?
54
Calculate the highest common divisor of 372 and 42.
6
Calculate the highest common divisor of 9729 and 682722.
423
What is the highest common factor of 266 and 1988?
14
Calculate the highest common factor of 2565 and 74025.
45
Calculate the highest common divisor of 1051745 and 38.
19
Calculate the highest common divisor of 1394444 and 23.
23
Calculate the greatest common factor of 175990 and 170.
10
Calculate the greatest common factor of 4983991 and 877.
877
Calculate the greatest common divisor of 170 and 5270.
170
What is the highest common divisor of 56 and 1335432?
56
What is the highest common divisor of 2821 and 420?
7
What is the highest common factor of 2814364 and 392?
196
What is the greatest common factor of 11 and 1456158?
11
What is the greatest common factor of 2 and 154478?
2
Calculate the greatest common factor of 3277 and 17967.
113
What is the highest common divisor of 534 and 5286?
6
Calculate the greatest common factor of 7434 and 1746.
18
Calculate the highest common factor of 304008 and 12.
12
Calculate the greatest common factor of 33540 and 348.
12
What is the greatest common divisor of 1066 and 3354?
26
Calculate the greatest common factor of 5659456 and 704.
704
What is the greatest common factor of 4749811 and 11?
11
What is the highest common factor of 74 and 577496?
74
Calculate the highest common factor of 101 and 1037068.
101
Calculate the greatest common factor of 12519 and 18297.
963
What is the highest common factor of 90 and 1640?
10
What is the greatest common divisor of 14171 and 1813?
37
What is the greatest common divisor of 125307 and 204?
51
What is the greatest common divisor of 690 and 133446?
138
Calculate the highest common factor of 325 and 40125.
25
What is the highest common divisor of 75779 and 12782?
913
Calculate the greatest common divisor of 5744 and 88.
8
What is the highest common factor of 155 and 1224035?
155
What is the greatest common factor of 4486230 and 1890?
630
Calculate the highest common factor of 454 and 46.
2
What is the greatest common divisor of 1344 and 9?
3
What is the highest common divisor of 2 and 83492?
2
What is the greatest common factor of 22596 and 39274?
538
What is the greatest common divisor of 258 and 42?
6
What is the highest common divisor of 21 and 850353?
21
Calculate the highest common factor of 4341070 and 10.
10
What is the highest common divisor of 25175 and 1400?
25
Calculate the highest common divisor of 827714 and 2934.
326
What is the highest common factor of 40 and 6055?
5
Calculate the greatest common divisor of 42738 and 714.
102
Calculate the highest common factor of 11343 and 1425.
57
Calculate the highest common factor of 72260 and 210.
10
Calculate the highest common divisor of 10054 and 44786.
914
What is the greatest common divisor of 2712312 and 87?
87
Calculate the highest common divisor of 1201340 and 700.
140
Calculate the greatest common divisor of 32970 and 630.
210
What is the highest common divisor of 3217594 and 148?
74
Calculate the greatest common factor of 4191 and 231.
33
Calculate the greatest common factor of 51 and 108001.
17
What is the highest common factor of 8 and 12898096?
8
Calculate the greatest common factor of 275 and 840.
5
Calculate the greatest common factor of 6545 and 51051.
1309
What is the greatest common factor of 69173 and 391?
17
What is the greatest common divisor of 13200 and 4752?
528
What is the greatest common factor of 9960 and 75364?
332
Calculate the greatest common factor of 37429 and 28.
7
Calculate the highest common factor of 16 and 1512328.
8
What is the greatest common factor of 36 and 283572?
36
What is the greatest common divisor of 11236 and 212?
212
What is the greatest common divisor of 91 and 191555?
91
Calculate the greatest common factor of 286 and 220022.
22
Calculate the highest common divisor of 896 and 12132736.
896
What is the greatest common divisor of 16038 and 6?
6
What is the highest common factor of 446481 and 798?
399
What is the highest common factor of 11646 and 126?
18
Calculate the greatest common factor of 29018 and 352.
22
Calculate the highest common factor of 60 and 240650.
10
Calculate the greatest common divisor of 180653 and 121.
121
Calculate the highest common divisor of 3399560 and 1480.
1480
Calculate the highest common factor of 2059239 and 2223.
741
What is the greatest common divisor of 8961 and 928?
29
Calculate the highest common divisor of 1537205 and 230.
115
Calculate the greatest common divisor of 27960 and 240.
120
What is the greatest common divisor of 5075 and 5425?
175
What is the highest common divisor of 30 and 4315050?
30
What is the greatest common divisor of 86292 and 2068?
188
What is the highest common divisor of 465 and 952227?
93
What is the highest common factor of 1209 and 18967?
13
Calculate the highest common factor of 2320 and 23515.
5
Calculate the greatest common divisor of 105 and 250005.
105
Calculate the greatest common factor of 22770 and 144.
18
What is the highest common factor of 448 and 4676?
28
What is the greatest common divisor of 108288 and 329?
47
What is the greatest common factor of 1 and 104539?
1
What is the greatest common factor of 55 and 173965?
55
What is the greatest common divisor of 3972544 and 192?
64
What is the highest common divisor of 28435 and 470?
235
Calculate the greatest common divisor of 118 and 9322.
118
What is the greatest common divisor of 374 and 22924?
22
Calculate the highest common divisor of 7371 and 1456.
91
Calculate the highest common divisor of 1674697 and 394.
197
What is the greatest common factor of 145 and 131196?
29
What is the greatest common factor of 1407 and 10185?
21
Calculate the highest common factor of 2146 and 2368.
74
What is the highest common divisor of 10982 and 816?
34
Calculate the greatest common factor of 153550 and 83.
83
Calculate the highest common factor of 279390 and 804.
402
What is the highest common divisor of 24549 and 735?
147
Calculate the greatest common factor of 335 and 34.
1
What is the highest common divisor of 6 and 2240574?
6
Calculate the greatest common divisor of 69092 and 828.
92
What is the greatest common divisor of 576 and 4928?
64
Calculate the greatest common divisor of 272358 and 114.
6
Calculate the greatest common factor of 5933045 and 235.
235
What is the highest common divisor of 1804 and 924?
44
Calculate the highest common factor of 215286 and 5088.
318
What is the highest common factor of 212 and 27136?
212
What is the highest common factor of 1015036 and 6372?
236
Calculate the highest common divisor of 9212 and 117404.
196
Calculate the greatest common divisor of 140766 and 116.
58
Calculate the greatest common factor of 28 and 812.
28
What is the highest common divisor of 11 and 7856332?
11
What is the greatest common factor of 1655 and 395?
5
What is the highest common divisor of 123376 and 352?
176
Calculate the highest common factor of 273 and 23517.
39
What is the greatest common factor of 2460 and 137022?
246
What is the greatest common factor of 142 and 178778?
142
Calculate the highest common divisor of 36 and 30612.
12
Calculate the highest common divisor of 432362 and 52332.
1246
What is the highest common factor of 29684 and 284532?
724
Calculate the highest common divisor of 7 and 52815.
7
Calculate the highest common divisor of 2975 and 13535.
5
What is the greatest common divisor of 42810 and 6570?
30
What is the greatest common divisor of 1518 and 49818?
138
What is the greatest common divisor of 501365 and 3940?
985
Calculate the highest common factor of 12485 and 227.
227
Calculate the greatest common divisor of 1241 and 2701.
73
Calculate the highest common factor of 1560 and 5746.
26
Calculate the highest common factor of 19470 and 777030.
1770
Calculate the greatest common factor of 1398 and 12018.
6
What is the highest common factor of 4399 and 742?
53
What is the highest common divisor of 26829 and 297?
99
What is the highest common divisor of 8040 and 381230?
670
Calculate the greatest common divisor of 388 and 1372.
4
Calculate the greatest common divisor of 10932 and 732.
12
What is 